 the remainder when 61 - (2 - 0/(-1)) is divided by k(-2)?
11
Suppose 4*b - 4*u = 260, 3*u + 127 = -5*b + 476. Calculate the remainder when 3057 is divided by b.
65
Let k = 12448 + -7103. What is the remainder when k is divided by 33?
32
Let b(h) = -397*h - 2. Let q be b(2). Let y = q + 1142. Suppose -76*k + 747 = -3661. Calculate the remainder when y is divided by k.
56
Suppose 0 = 2*p - 0*p - 8. Suppose v + p = 14. Suppose -16*y + 428 = 4*k, -7*y = -6*y + 4*k + 7. What is the remainder when y is divided by v?
9
Let f(y) = 3*y**3 - 5*y**2 + 9*y + 27. Let m(o) = o**3 - 2*o**2 + 3*o + 9. Let w(b) = -2*f(b) + 7*m(b). Calculate the remainder when 61 is divided by w(4).
19
Let g(h) = -282*h - 15. Let r be g(-1). Suppose -14*v + r = -153. What is the remainder when v is divided by 8?
6
Let x = 213 + -315. Let c = 57 - x. Let b = -51 + 91. What is the remainder when c is divided by b?
39
Let o(w) = w**2 + 27*w + 112. Let q be o(-5). Calculate the remainder when 493 is divided by q/(-4) + (-504)/(-16).
28
Suppose 117*v - 10160 = 97*v. Suppose 10*n - 6732 = v. Calculate the remainder when n is divided by 81.
76
Let o be (-2397)/(-34)*((-2)/(-3))/1. Let a = o - 49. What is the remainder when (a - (-440)/(-2))*3/(-6) is divided by 16?
15
Let j(m) = m**2 + 41*m + 423. What is the remainder when 411 is divided by j(-14)?
6
Suppose 0 = -2*v + 5*v - 24. Let j = v + -11. What is the remainder when 2 is divided by 20/(j - -7) + -3?
0
What is the remainder when (-12)/(-28) - (-207)/7 is divided by (-3)/((-27)/4) + 424/18*1?
6
Suppose 5*j - 1875 = 1545. Suppose 2*d + j = 11*d. Suppose -8*i = -13*i + 130. What is the remainder when d is divided by i?
24
Let p = -6750 - -7480. What is the remainder when p is divided by 52?
2
Let t(l) = -18*l**3 - 5*l**2 - 2*l. Let w be (44/(-12))/((-5)/15). Suppose -w*q + 6 = 28. Calculate the remainder when t(q) is divided by 43.
42
Suppose -8338 = -147*s + 86*s + 138916. What is the remainder when s is divided by 480?
14
Let z = -14011 - -14070. What is the remainder when 14394 is divided by z?
57
What is the remainder when 32682/117 - (-4)/(-18)*-3 is divided by 16?
8
Let g be (-6)/21 - (-4 - (-80)/14). Let f be 11/(165/200)*(-15)/g. Suppose t + 3*o - 164 = -46, t - f = 3*o. Calculate the remainder when t is divided by 37.
35
Let y(r) = -2*r**3 + 140*r**2 - 1633*r - 43. Calculate the remainder when y(55) is divided by 64.
60
Let a = -715 + 715. Suppose a = t - 140 - 61. What is the remainder when t is divided by 12?
9
Let n(k) = 2*k**2 - 81*k + 404. Calculate the remainder when n(55) is divided by 40.
39
Suppose 0 = 297*b - 270*b - 729. Suppose 39 = 3*t + b, 4*s = 3*t + 4. Suppose -5*x + x + 60 = 0. What is the remainder when x is divided by s?
3
Let j(a) = -128*a - 27. Let y be j(-1). Suppose 3*f + 183 = 3*i, -y = -20*i + 18*i - 5*f. Calculate the remainder when i is divided by 14 + 2*1/2.
13
Let v = 27 + 88. Let f(q) = -23*q - 22. Let d be f(-1). Calculate the remainder when v is divided by (-3)/3*4/d*-6.
19
Let r(l) be the third derivative of l**6/120 - l**5/30 - l**4/8 + 5*l**3/3 - 5*l**2 - 5*l. What is the remainder when 6 is divided by r(2)?
2
Let f be (-6)/39 - (-714)/78. Calculate the remainder when (-34580)/(-126) - 4/f is divided by 46.
44
Let x(l) = l**3 + 19*l**2 - 696*l - 71. What is the remainder when 426 is divided by x(19)?
3
Suppose 6*m - 10*m - 245 + 1361 = 0. Suppose -g = -46 - 1. What is the remainder when m is divided by g?
44
Suppose 10*v + 2*a - 27 = 7*v, v = -2*a + 17. What is the remainder when 8105 is divided by v?
0
Calculate the remainder when -1 - -63 - (-5 - -12)/(-14)*12 is divided by 20.
8
What is the remainder when (5 + 4565/44)*20 is divided by 17?
16
Suppose -15246 = -154*p - 88*p. What is the remainder when 6550 is divided by p?
61
Suppose 63*d - 56*d = 879 - 109. Calculate the remainder when 768 is divided by d.
108
Let d(i) = -45*i**3 + 3*i**2 - 100*i - 201. What is the remainder when d(-2) is divided by 30?
11
Let d be (-1 - -2)/(2/10). Suppose 2*f - 4*k + d*k = 89, f - 55 = -4*k. Calculate the remainder when f is divided by ((-50)/20)/((-2)/12).
13
Suppose -7 = -2*f + 39. Suppose -f*a + 113 = -94. Calculate the remainder when 105 is divided by a.
6
Let c = 143 - 145. Calculate the remainder when 34 is divided by c/(-3)*-6 - (-10 - 12).
16
Let o be 2 + 114 + 0 + -4. Suppose -117*a + o*a = -190. What is the remainder when 98 is divided by a?
22
Let g be (-4 + -2 + 5)*-4. Suppose -g*m + 13*c = 11*c - 102, 97 = 4*m - 3*c. Calculate the remainder when 77 is divided by m.
21
Let o(a) = 4*a**2 - 5*a + 7. Let y = -20928 + 20964. Calculate the remainder when o(-5) is divided by y.
24
Let n(m) = -72*m - 3064. Calculate the remainder when 2407 is divided by n(-43).
7
Suppose 0 = 2*m - 4*t - 146, 2*m - 116 = 3*t + 27. Suppose 11 = -7*s + m. What is the remainder when 117 is divided by s?
5
Suppose -5*z - 3*a + 241 = 0, -5*a + 224 = -3156*z + 3160*z. Suppose 2124 = -0*b + 4*b. What is the remainder when b is divided by z?
39
Suppose 0 = -64*v + 61*v + 102. Let g(o) = o**3 - 6*o + 6. What is the remainder when g(4) is divided by 8/12 + v/3?
10
Let n(r) = 17*r**3 - 6 - 30*r**3 - 5*r**2 + 17*r**3 + 8*r. Suppose 5*q - 5*p = 25, 2*p - 8 = 5*q - 42. What is the remainder when n(2) is divided by q?
6
Let z(v) = 5*v**2 + 12*v - 12. What is the remainder when z(5) is divided by -6 + 2 + 72/12 + 56?
57
Let u(y) = -3*y - 6. Let z be u(-7). Suppose -12*o + x - 35 = -14*o, -o = 5*x - 31. What is the remainder when o is divided by z/4 + (-2)/(-8)?
0
What is the remainder when 98 is divided by (3/2)/((14 - -11)/150)?
8
Suppose 0 = -g + 18*k - 17*k + 276, 2*k = -3*g + 858. Calculate the remainder when g is divided by 78.
48
Let d be -6 + 10 - (1 - -1 - 6). Suppose -d*h + 16 = -6*h. What is the remainder when 191 is divided by h?
7
Suppose -26*m + 3366 = -2*m + 9*m. Calculate the remainder when 5302 is divided by m.
100
Let i(n) = n**3 + n**2 + 6*n - 18. Let s be (-4 + (247 - 2))*1. Suppose -s + 96 = -5*p. Calculate the remainder when i(4) is divided by p.
28
Let b = 106 + -45. What is the remainder when b is divided by (62 - 65)/(1/(-3))?
7
Let v = 2623 + -1375. Suppose -2*b = -4*b - 5*d + 486, -4*d - v = -5*b. What is the remainder when b is divided by 21?
17
Let g = -209 + 164. Let m = -25 - g. Suppose 5*r + 0*x - 310 = -5*x, 0 = -5*x + 25. Calculate the remainder when r is divided by m.
17
Suppose -3*n = -0*n + 5*b - 1198, -5*n + 1980 = 5*b. Let k = -389 + n. What is the remainder when k is divided by 2?
0
Calculate the remainder when 3/(-1) - ((-1 + 13)/(-2) + -1049) is divided by 56.
44
Suppose -12*o - 121 = 383. What is the remainder when 53 is divided by o/1*(-58)/87?
25
Let j = 109 - 28. Let z(s) = 2*s**2 - 13*s - 45. Let t be z(-5). Let o = j - t. What is the remainder when 75 is divided by o?
9
Suppose 0 = -19*d - 68 + 277. Suppose -8*p + 30 = 2*t - 11*p, 3*t - d = -4*p. What is the remainder when 92 is divided by t?
2
Let s be (102/(-85)*3)/(2/(-5)). What is the remainder when s - (3 + -1 + 0) is divided by 1?
0
Let x be (-2)/5*(-177 - 3). What is the remainder when x - (-4 + 6)/(-2) is divided by 19?
16
Let k(m) = -12*m**2 - 29*m. Let u(r) = 35*r**2 + 88*r - 1. Let t(b) = -8*k(b) - 3*u(b). Calculate the remainder when 48 is divided by t(-3).
12
Let s(b) = 2*b**3 + 33*b**2 + 17*b - 42. Let v be s(-16). Let l be 19/(2*(-1)/(-20)). Let m = v + l. Calculate the remainder when m is divided by 34.
30
Suppose -2*l + 35 + 18 = -5*y, 114 = 4*l - 2*y. Let s = -116 - -86. Calculate the remainder when l is divided by s/50*(0 + -20).
5
Let o be -4 + 3 - (-432)/6. Suppose 4*k + 13 = 9, 3*h = -4*k + o. Calculate the remainder when 649 is divided by h.
24
Let o(q) = -53*q + 2257. What is the remainder when 948 is divided by o(39)?
188
Suppose 0*n = -7*n. Suppose n = -o + 2*c - 7, o - 5*c + 8 = -2*c. Let s(v) = -2*v + 9. What is the remainder when 65 is divided by s(o)?
8
Suppose -6*l + 7*l + 38 = 4*j, 7*j - 2*l = 67. What is the remainder when j is divided by 8?
1
Suppose -4*c = -3*h + 2482, -2*h + 4*c + 629 = -1035. What is the remainder when h is divided by 214?
176
Let m = 4590 - 291. What is the remainder when m is divided by 25?
24
Let p = -243 + 456. Let u = p - 192. Calculate the remainder when 52 is divided